 11. Let z(u) = 4*u - 5. Let n(s) = 6*c(s) + 13*z(s). Suppose 82 = -4*q - 98. Let m = q - -48. Determine n(m).
-5
Let k(s) = 3*s - 2. Let m be 11/22*(-1 + 5). What is k(m)?
4
Let h(k) = -k**3 - 6*k**2 - 4*k + 4. Let i be h(-5). Let p(w) = -207 - 12*w**3 - 197 + 404. What is p(i)?
12
Suppose -3*x = -3*z + 3, -3*x = 2*x - 4*z + 1. Let p(f) = -x*f + 0*f + 9*f + 4 - 3*f. Calculate p(3).
13
Let y be 3/(2*6/40). Let g(o) = -o**2 + 10*o - 4. What is g(y)?
-4
Let y = 3 - 5. Let r(u) = u**3 + 7*u**2 + 8*u - 1. Let h(b) = b**3. Let l(a) = y*h(a) + r(a). Determine l(8).
-1
Let v(a) = 5*a**2 - 65*a - 4. Let h be v(13). Let s(i) = -i**2 - 6*i - 13. Calculate s(h).
-5
Let t(a) = -95 + 49 + 41 - a. What is t(-11)?
6
Suppose -12*s = 2*z - 17*s + 15, 2*s - 5 = z. Let u(y) = 4*y**2 + 6 + 2*y**2 - 2 - 6*y - y**3. Calculate u(z).
-1
Let k(l) = -2*l**3 - 2*l**2 - 2*l + 1. Let j = -409 - -407. Determine k(j).
13
Let i(t) = t - 16. Suppose 2*f - 23 = c, 5*f - 5*c - 68 = -6*c. Give i(f).
-3
Suppose c - 1 = -5*w, 0 = 3*w - 2*c + 2. Let d(l) = -l**2 + l - 20. Determine d(w).
-20
Let t(s) = s**2 + 6*s - 1. Let k be t(-7). Let y = -11 + k. Let h be y*(-4)/10 - 7. Let d(u) = u**2 + 6*u - 3. What is d(h)?
-8
Let d = -5 - 9. Let l(k) = -k**3 - 13*k**2 + 13*k - 17. Let a be l(d). Let j(w) = -w**2 - w + 7. Let b be j(a). Let q(p) = p**3 - p**2 - p. Give q(b).
-1
Let g(j) be the first derivative of -4*j**2 + 184. What is g(-3)?
24
Let o(u) = -12*u + 7*u**2 - 7*u + 30*u - u**3 - 12 - 2*u. Give o(8).
-4
Let x = 2121 + -2124. Let f(i) = -13*i + 3. Give f(x).
42
Let f(z) = 4*z**2. Suppose 0 = 2*a + 4, -4*s - a = a - 4. Give f(s).
16
Let w(j) = 3 - 4*j - j**3 + 11*j - 7*j + 13*j + 27*j - 18*j**2. Give w(-20).
3
Let r(b) = -b. Let q(u) = -u**2 + 9*u + 12. Let w = 35 - 25. Let o be q(w). Suppose -o*z = 2*z + 8. Calculate r(z).
2
Let u(s) = s. Let d(y) = 7*y + 1. Let n(p) = -d(p) + 5*u(p). Let r = -3 + 9. Let m be (8/(-12))/(r/27). What is n(m)?
5
Let k(a) = -11*a**2 + 33*a + 7. Let t(q) = -4*q**2 + 12*q + 3. Let g(n) = 3*k(n) - 8*t(n). Suppose -o + 6*o - 10 = 0. What is g(o)?
-1
Let h be (((-198)/60)/(-11))/((-2)/(-20)). Let c(f) be the second derivative of -4*f - 1/6*f**h + 0 - 1/4*f**4 + 1/2*f**2. Determine c(1).
-3
Let n = -6 + -6. Let c = n - -14. Let x(h) = 2*h - h - 2 - c*h. Determine x(-4).
2
Let o = -30 + 33. Let y(k) = 2*k**2 + 16 + k**3 - o*k + 2*k**2 - 15. What is y(-5)?
-9
Let r(a) be the second derivative of -a**4/12 - 5*a**3/6 + 4*a**2 - 5*a. Let i be -2 - (0 + 5)*(-8)/(-10). What is r(i)?
2
Let g(v) = -v - 7. Let y be 1 - (2*1)/((-4)/256). Let a = y + -134. What is g(a)?
-2
Let h(c) = 5*c**3 + 19*c**2 + 2*c + 10. Let o(n) = -9*n**3 - 35*n**2 - 4*n - 20. Let b(r) = -7*h(r) - 4*o(r). Determine b(-7).
-4
Let x(p) = -p**3 - 6*p**2 - 3*p - 12. Let b be x(-6). Let q(s) = 1 - 2 - 2*s - b + 3. Determine q(5).
-14
Let t(j) = -2*j + 4. Suppose -41 = -3*p - 0*z - 4*z, 43 = 3*p + 2*z. Suppose -24 = 3*f - p. What is t(f)?
10
Let r(y) be the first derivative of -y**4/12 - y**3/2 - y**2/2 + y + 2. Let v(d) be the first derivative of r(d). Suppose -20 - 18 = 19*p. Calculate v(p).
1
Let u(q) = -q**3 + 15*q**2 + 16*q - 14. Let p(l) = 2*l**2 - 112. Let m be p(-8). Calculate u(m).
-14
Let a(r) = -2*r**2 + 5*r - 5*r - 2 + 1 - 6*r. Let y(n) = -n. Let l(b) = a(b) - 4*y(b). Suppose 0 = 4*p - 7*p - 3. Give l(p).
-1
Let p(v) = -v**3 - v**2 - 5. Suppose -3*q + 3*x + 14 = 8*x, 4*q = -5*x + 12. Let w be (-2)/(1/(-1) - q). Let k be 6/w + (-6)/(-2). Determine p(k).
-5
Let x(l) be the third derivative of l**4/24 + l**3/3 + 3*l**2. Suppose -7*i - 3*i = -6*i. Suppose m - 2 + 8 = i. Give x(m).
-4
Let p(t) be the second derivative of t**4/12 + 3*t**3 + 7*t**2/2 + 4*t - 39. Calculate p(-18).
7
Suppose 24 = 528*c - 524*c. Let a(q) = -q - 1. Let i(t) be the first derivative of -7*t**2/2 - 6*t + 1. Let p(f) = c*a(f) - i(f). What is p(-1)?
-1
Let m(j) be the first derivative of -2*j**3/3 - 2*j**2 + 36*j + 34. Let o(k) be the first derivative of m(k). Give o(-3).
8
Suppose -37 = -m - 40. Let x(z) = -8*z - 16. Determine x(m).
8
Let g be 0 + (0*3/12)/1. Suppose 3*c + 2*r - 14 = g, c = -4*r - 12 - 0. Let f(s) = -s**2 + 8*s + 10. What is f(c)?
10
Let v(d) be the second derivative of d**3/6 - 11*d**2 + 11*d. Determine v(17).
-5
Let j(y) = -y**3 + 7*y**2 - 7*y + 8. Suppose n - 1 = 2*k, 2*n - 4 = -k - 2*n. Let p(q) = q**2 + k*q**2 - 4 - q - 2*q. Let h be p(5). Calculate j(h).
2
Let s(b) = -b**2 + b - 1. Let q(r) = -12*r**2 - 2*r + 0*r + 10*r**2. Let z(d) = -q(d) + 3*s(d). Give z(6).
-9
Let u(b) = -b**3 + 4*b**2 + 3*b + 5. Let x(f) = -f**3 + 7*f**2 - 28*f + 136. Let j be x(6). What is u(j)?
17
Let j(i) = 6 - 20*i + 7*i + 4*i - 23 + 6*i. Determine j(-6).
1
Let t(c) = 2 - 37*c - 5 + 51*c - c**2 - 10 - 29*c. Give t(-13).
13
Let t(p) = -p**2 + 6*p - 1. Let x be t(4). Let l(c) = 7*c + 3*c**3 - 12*c**3 + 10*c**3 + x*c**2 - 2. What is l(-5)?
13
Let n = 20 - 4. Let y = 15 - n. Let w be y*(-4)/6*-6. Let j(q) = q**3 + 4*q**2 + 2*q + 6. Determine j(w).
-2
Let z(n) be the first derivative of -n**2 - n - 2. Let h(j) = -j**3 - 21*j**2 - 18*j + 38. Suppose 3*o + 220 = -8*o. Let i be h(o). Determine z(i).
3
Let a = -155 + 152. Let y(o) = -o**2 - o - 3. Determine y(a).
-9
Let f(r) be the second derivative of -r**4/12 + 2*r**3/3 + r**2 - 214*r. Let d be 6/2*6/9. Suppose -3*b + 5 = d*o - 11, 5*b + 15 = 5*o. Give f(o).
-3
Let g(v) be the second derivative of v**4/3 + v**3/3 - 3*v**2/2 - 326*v. Give g(3).
39
Let u = -3 + 5. Let w(a) = -6*a - 2*a**2 + a**u + 2*a**2. Let o be (-10)/10*(-12 - -6). What is w(o)?
0
Let g(x) = x**2 + 9*x - 6. Let v(y) = -y**3 - 20*y**2 + 68*y - 32. Let m be v(-23). Give g(m).
-6
Let z(s) = s**3 - 5*s**2 + 6*s - 6. Let y(k) = -5*k**3. Suppose -2 = -2*q - 4. Let x be y(q). Suppose -x*v + 16 = -v. What is z(v)?
2
Let s be (4 + -1)*28/(7 + -5). Let w = s + -37. Let m(t) = -t**3 + 6*t**2 - t. Give m(w).
20
Let c(d) be the third derivative of 0*d + 0*d**3 + 0 - 8*d**2 + 1/3*d**4. Let p(w) = -w**3 - 2*w**2 - 1. Let t be p(-2). What is c(t)?
-8
Let n(q) = -2*q - 6. Let i(m) be the first derivative of 5*m**2/2 + 18*m + 1. Let y(d) = -6*d - 22. Let l be y(-4). Let v(h) = l*i(h) + 7*n(h). Determine v(-4).
10
Let b(i) = i**3 + 3*i**2 - 6*i + 5. Let p be b(-5). Let l = 14 + p. Let a(w) = -1. Let m(g) = -2*g + 9. Let f(x) = -36*a(x) - 4*m(x). Give f(l).
-8
Let i(p) = -9*p**2 - 11*p - 9. Let o(v) = 0 - 6 + 0*v**2 + 1 - 5*v**2 - 6*v. Let b(f) = -4*i(f) + 7*o(f). Determine b(-1).
0
Let b(k) = -k**3 - 6*k**2 - 7*k - 5. Let d(m) = m**2 + 18*m + 28. Let a be d(-16). What is b(a)?
-9
Let o(d) = 8*d + 2. Suppose -157 = 7*r + 116. Let h = r + 37. Calculate o(h).
-14
Let x(n) = 11*n + n**3 - 296 + 9*n**2 + 140 + 148. Determine x(-8).
-32
Let z be -2 + (0 - (-1 - 1)). Suppose -f + 0*f = z. Let b(n) = 5*n - 17. Let g(p) = -8*p + 31. Let v(j) = -5*b(j) - 3*g(j). Give v(f).
-8
Let z be (0 - 2) + (3 - 0). Let y = 1 + z. Let q(r) = 8*r + 3 + 6*r - 15*r. Determine q(y).
1
Let t(c) = -5 + 6*c + 6*c - 2*c - 9*c. Calculate t(6).
1
Let h = 128 + -120. Let q(a) = -a + 6. Give q(h).
-2
Let d(w) = w**2 + 5*w - 1. Let a(l) = 6*l + 18. Let b be a(-4). Give d(b).
5
Let v(u) = -4*u**3 + u**2 - 7*u + 2. Let i(z) = -z**3 - z**2 - z + 1. Let t(o) = -5*i(o) + v(o). Let j(g) = -3*g**2 - 2*g + 10. Let y be j(2). What is t(y)?
9
Let d = 70 - 41. Let v = 5 + d. Let k = v + -30. Let h(w) = w**2 - 6*w + 6. What is h(k)?
-2
Let m(d) = -2*d**2 + d - 2*d**3 + 2*d**2 - 2*d**2. Let c be m(0). Let n(s) be the third derivative of s**5/60 + s**4/24 + 5*s**3/2 - 3*s**2. What is n(c)?
15
Let z(r) be the second derivative of -r**3/6 + 3*r**2 - 54*r. Determine z(10).
-4
Let p(s) = -s**3 - 4*s**2 + 5*s. Suppose 0 = -0*d - 6*d + 240. Suppose 5*a = -5*j - d, 3*a + j = -4*j - 30. Calculate p(a).
0
Suppose -2*f + 0 = 10. Let k = f + 1. Let l(z) = -z**3 - 5*z**2 - 5*z. What is l(k)?
4
Let q(c) be the third derivative of -c**6/120 - c**5/10 - c**4/12 + c**3/3 - 47*c**2 - 21. Let h be (1/2)/((-2)/8). Give q(h).
-10
Let s(p) = p**2 + 2*p - 12. Let r be s(-5). Let g(d) = -d**r + d**2 + 10*d + 4 - 17 - 11*d. Determine g(0).
-13
Suppose 5*s - 13 = 3*b + 9, 4 = -3*b - 4*s. Let p be (2 + 0)*(-6)/b. Let n(o) = -5*o. Let d(j) = 30*j. Let w(v) = 4*d(v) + 25*n(v). Give w(p).
-15
Let c(s